{"id":12,"date":"2019-11-20T10:44:18","date_gmt":"2019-11-20T09:44:18","guid":{"rendered":"https:\/\/www.nbc-journal.org\/?page_id=12"},"modified":"2025-04-22T09:31:23","modified_gmt":"2025-04-22T07:31:23","slug":"home","status":"publish","type":"page","link":"https:\/\/www.nbc-journal.org\/","title":{"rendered":"Home"},"content":{"rendered":"\n<p>Nova Biotechnologica et Chimica (ISSN 1338-6905, eISSN 1339-004X, EV 27\/22\/EPP) is peer reviewed open access scientific journal published two times per year. NBC is the journal of University of SS. Cyril and Methodius in Trnava, Slovak Republic.<br><\/p>\n\n\n\n<p>Nova Biotechnologica et Chimica is a continuation of the journal Nova Biotechnologica published from 2000 to 2010. Some old issues can be find here: <a href=\"http:\/\/nbc-journal.fpv.ucm.sk\/archive.html\">http:\/\/nbc-journal.fpv.ucm.sk\/archive.html<\/a> <\/p>\n\n\n\n<p><br>Type of contributions acceptable for publication in Nova Biotechnologica et Chimica:&nbsp;<br><br><\/p>\n\n\n\n<ul class=\"wp-block-list\">\n<li>research papers<\/li>\n\n\n\n<li>invited reviews<\/li>\n\n\n\n<li>short communications<\/li>\n<\/ul>\n\n\n\n<h4 class=\"wp-block-heading\">Latest issue <\/h4>\n\n\n\n\n<!-- iframe plugin v.6.0 wordpress.org\/plugins\/iframe\/ -->\n<iframe loading=\"lazy\" src=\"https:\/\/office.nbc-journal.org\/index.php\/NBC\" width=\"100%\" height=\"500\" scrolling=\"yes\" class=\"iframe-class\" frameborder=\"0\"><\/iframe>\n\n\n\n\n<p><\/p>\n","protected":false},"excerpt":{"rendered":"<p>Nova Biotechnologica et Chimica (ISSN 1338-6905, eISSN 1339-004X, EV 27\/22\/EPP) is peer reviewed open access scientific journal published two times per year. NBC is the journal of University of SS. Cyril and Methodius in&#46;&#46;&#46;<\/p>\n","protected":false},"author":1,"featured_media":0,"parent":0,"menu_order":0,"comment_status":"closed","ping_status":"closed","template":"","meta":{"footnotes":""},"class_list":["post-12","page","type-page","status-publish","hentry"],"yoast_head":"<!-- This site is optimized with the Yoast SEO plugin v27.4 - https:\/\/yoast.com\/product\/yoast-seo-wordpress\/ -->\n<title>Home - Nova Biotechnologica et Chimica<\/title>\n<meta name=\"robots\" content=\"index, follow, max-snippet:-1, max-image-preview:large, max-video-preview:-1\" \/>\n<link rel=\"canonical\" href=\"https:\/\/www.nbc-journal.org\/\" \/>\n<meta property=\"og:locale\" content=\"sk_SK\" \/>\n<meta property=\"og:type\" content=\"article\" \/>\n<meta property=\"og:title\" content=\"Home - Nova Biotechnologica et Chimica\" \/>\n<meta property=\"og:description\" content=\"Nova Biotechnologica et Chimica (ISSN 1338-6905, eISSN 1339-004X, EV 27\/22\/EPP) is peer reviewed open access scientific journal published two times per year. NBC is the journal of University of SS. Cyril and Methodius in&#046;&#046;&#046;\" \/>\n<meta property=\"og:url\" content=\"https:\/\/www.nbc-journal.org\/\" \/>\n<meta property=\"og:site_name\" content=\"Nova Biotechnologica et Chimica\" \/>\n<meta property=\"article:modified_time\" content=\"2025-04-22T07:31:23+00:00\" \/>\n<meta name=\"twitter:card\" content=\"summary_large_image\" \/>\n<meta name=\"twitter:label1\" content=\"Predpokladan\u00fd \u010das \u010d\u00edtania\" \/>\n\t<meta name=\"twitter:data1\" content=\"1 min\u00fata\" \/>\n<script type=\"application\/ld+json\" class=\"yoast-schema-graph\">{\"@context\":\"https:\\\/\\\/schema.org\",\"@graph\":[{\"@type\":\"WebPage\",\"@id\":\"https:\\\/\\\/www.nbc-journal.org\\\/\",\"url\":\"https:\\\/\\\/www.nbc-journal.org\\\/\",\"name\":\"Home - Nova Biotechnologica et Chimica\",\"isPartOf\":{\"@id\":\"https:\\\/\\\/www.nbc-journal.org\\\/#website\"},\"datePublished\":\"2019-11-20T09:44:18+00:00\",\"dateModified\":\"2025-04-22T07:31:23+00:00\",\"breadcrumb\":{\"@id\":\"https:\\\/\\\/www.nbc-journal.org\\\/#breadcrumb\"},\"inLanguage\":\"sk-SK\",\"potentialAction\":[{\"@type\":\"ReadAction\",\"target\":[\"https:\\\/\\\/www.nbc-journal.org\\\/\"]}]},{\"@type\":\"BreadcrumbList\",\"@id\":\"https:\\\/\\\/www.nbc-journal.org\\\/#breadcrumb\",\"itemListElement\":[{\"@type\":\"ListItem\",\"position\":1,\"name\":\"Home\",\"item\":\"https:\\\/\\\/www.nbc-journal.org\\\/\"},{\"@type\":\"ListItem\",\"position\":2,\"name\":\"Home\"}]},{\"@type\":\"WebSite\",\"@id\":\"https:\\\/\\\/www.nbc-journal.org\\\/#website\",\"url\":\"https:\\\/\\\/www.nbc-journal.org\\\/\",\"name\":\"Nova Biotechnologica et Chimica\",\"description\":\"Scientific journal (ISSN 1338-6905, eISSN 1339-004X)\",\"publisher\":{\"@id\":\"https:\\\/\\\/www.nbc-journal.org\\\/#organization\"},\"potentialAction\":[{\"@type\":\"SearchAction\",\"target\":{\"@type\":\"EntryPoint\",\"urlTemplate\":\"https:\\\/\\\/www.nbc-journal.org\\\/?s={search_term_string}\"},\"query-input\":{\"@type\":\"PropertyValueSpecification\",\"valueRequired\":true,\"valueName\":\"search_term_string\"}}],\"inLanguage\":\"sk-SK\"},{\"@type\":\"Organization\",\"@id\":\"https:\\\/\\\/www.nbc-journal.org\\\/#organization\",\"name\":\"SciCell\",\"url\":\"https:\\\/\\\/www.nbc-journal.org\\\/\",\"logo\":{\"@type\":\"ImageObject\",\"inLanguage\":\"sk-SK\",\"@id\":\"https:\\\/\\\/www.nbc-journal.org\\\/#\\\/schema\\\/logo\\\/image\\\/\",\"url\":\"https:\\\/\\\/www.nbc-journal.org\\\/wp-content\\\/uploads\\\/2020\\\/01\\\/cropped-logo.png\",\"contentUrl\":\"https:\\\/\\\/www.nbc-journal.org\\\/wp-content\\\/uploads\\\/2020\\\/01\\\/cropped-logo.png\",\"width\":639,\"height\":295,\"caption\":\"SciCell\"},\"image\":{\"@id\":\"https:\\\/\\\/www.nbc-journal.org\\\/#\\\/schema\\\/logo\\\/image\\\/\"}}]}<\/script>\n<!-- \/ Yoast SEO plugin. -->","yoast_head_json":{"title":"Home - Nova Biotechnologica et Chimica","robots":{"index":"index","follow":"follow","max-snippet":"max-snippet:-1","max-image-preview":"max-image-preview:large","max-video-preview":"max-video-preview:-1"},"canonical":"https:\/\/www.nbc-journal.org\/","og_locale":"sk_SK","og_type":"article","og_title":"Home - Nova Biotechnologica et Chimica","og_description":"Nova Biotechnologica et Chimica (ISSN 1338-6905, eISSN 1339-004X, EV 27\/22\/EPP) is peer reviewed open access scientific journal published two times per year. NBC is the journal of University of SS. Cyril and Methodius in&#46;&#46;&#46;","og_url":"https:\/\/www.nbc-journal.org\/","og_site_name":"Nova Biotechnologica et Chimica","article_modified_time":"2025-04-22T07:31:23+00:00","twitter_card":"summary_large_image","twitter_misc":{"Predpokladan\u00fd \u010das \u010d\u00edtania":"1 min\u00fata"},"schema":{"@context":"https:\/\/schema.org","@graph":[{"@type":"WebPage","@id":"https:\/\/www.nbc-journal.org\/","url":"https:\/\/www.nbc-journal.org\/","name":"Home - Nova Biotechnologica et Chimica","isPartOf":{"@id":"https:\/\/www.nbc-journal.org\/#website"},"datePublished":"2019-11-20T09:44:18+00:00","dateModified":"2025-04-22T07:31:23+00:00","breadcrumb":{"@id":"https:\/\/www.nbc-journal.org\/#breadcrumb"},"inLanguage":"sk-SK","potentialAction":[{"@type":"ReadAction","target":["https:\/\/www.nbc-journal.org\/"]}]},{"@type":"BreadcrumbList","@id":"https:\/\/www.nbc-journal.org\/#breadcrumb","itemListElement":[{"@type":"ListItem","position":1,"name":"Home","item":"https:\/\/www.nbc-journal.org\/"},{"@type":"ListItem","position":2,"name":"Home"}]},{"@type":"WebSite","@id":"https:\/\/www.nbc-journal.org\/#website","url":"https:\/\/www.nbc-journal.org\/","name":"Nova Biotechnologica et Chimica","description":"Scientific journal (ISSN 1338-6905, eISSN 1339-004X)","publisher":{"@id":"https:\/\/www.nbc-journal.org\/#organization"},"potentialAction":[{"@type":"SearchAction","target":{"@type":"EntryPoint","urlTemplate":"https:\/\/www.nbc-journal.org\/?s={search_term_string}"},"query-input":{"@type":"PropertyValueSpecification","valueRequired":true,"valueName":"search_term_string"}}],"inLanguage":"sk-SK"},{"@type":"Organization","@id":"https:\/\/www.nbc-journal.org\/#organization","name":"SciCell","url":"https:\/\/www.nbc-journal.org\/","logo":{"@type":"ImageObject","inLanguage":"sk-SK","@id":"https:\/\/www.nbc-journal.org\/#\/schema\/logo\/image\/","url":"https:\/\/www.nbc-journal.org\/wp-content\/uploads\/2020\/01\/cropped-logo.png","contentUrl":"https:\/\/www.nbc-journal.org\/wp-content\/uploads\/2020\/01\/cropped-logo.png","width":639,"height":295,"caption":"SciCell"},"image":{"@id":"https:\/\/www.nbc-journal.org\/#\/schema\/logo\/image\/"}}]}},"_links":{"self":[{"href":"https:\/\/www.nbc-journal.org\/index.php?rest_route=\/wp\/v2\/pages\/12","targetHints":{"allow":["GET"]}}],"collection":[{"href":"https:\/\/www.nbc-journal.org\/index.php?rest_route=\/wp\/v2\/pages"}],"about":[{"href":"https:\/\/www.nbc-journal.org\/index.php?rest_route=\/wp\/v2\/types\/page"}],"author":[{"embeddable":true,"href":"https:\/\/www.nbc-journal.org\/index.php?rest_route=\/wp\/v2\/users\/1"}],"replies":[{"embeddable":true,"href":"https:\/\/www.nbc-journal.org\/index.php?rest_route=%2Fwp%2Fv2%2Fcomments&post=12"}],"version-history":[{"count":6,"href":"https:\/\/www.nbc-journal.org\/index.php?rest_route=\/wp\/v2\/pages\/12\/revisions"}],"predecessor-version":[{"id":380,"href":"https:\/\/www.nbc-journal.org\/index.php?rest_route=\/wp\/v2\/pages\/12\/revisions\/380"}],"wp:attachment":[{"href":"https:\/\/www.nbc-journal.org\/index.php?rest_route=%2Fwp%2Fv2%2Fmedia&parent=12"}],"curies":[{"name":"wp","href":"https:\/\/api.w.org\/{rel}","templated":true}]}}